s divided by o(-1).
3
Suppose 41*u + 34*u - 2850 = 0. What is the remainder when u is divided by 34?
4
Let w(h) = -h**3 + 16*h**2 + 12*h - 79. What is the remainder when w(16) is divided by 4?
1
Suppose 6*m - 9*m + 48 = 0. What is the remainder when m is divided by 3?
1
Let h be (-26)/(-91) + (-26)/(-7). Suppose -f + 3 = h. Calculate the remainder when 6 is divided by 0 - f*(1 - -2).
0
Let x(l) = 6*l**2 + 22. What is the remainder when x(-4) is divided by 37?
7
What is the remainder when 60/8*66/5 is divided by 34?
31
Let g(n) = -n**3 - 7*n**2 - 3*n + 11. Let m be 106/(-14) + 13/((-637)/(-28)). Calculate the remainder when 63 is divided by g(m).
31
Suppose -p + 11 = 4*b, -2*p + 3*b + 4 = -7. Suppose p*m = 4*m + 12. Suppose -69 - 31 = -m*o. What is the remainder when o is divided by 9?
7
Let k(m) = m**3 + 12*m**2 + 10*m + 15. Let d(b) = b**2 + 8*b - 3. What is the remainder when d(7) is divided by k(-11)?
24
Let k = 631 + -602. What is the remainder when (-1)/(-4) + 908/16 is divided by k?
28
Let d(w) = -11*w - 36. Suppose -4*y + 4*k + 22 = -6, y + k - 15 = 0. What is the remainder when d(-8) is divided by y?
8
Suppose i - 4*z - 33 = 0, -28 - 24 = -2*i + z. Suppose 3*j - 4*j - 4*d - 1 = 0, 3*j - 3*d - 42 = 0. Calculate the remainder when i is divided by j.
3
Let j(o) = -42*o**2 - o. Let u be j(-1). Let c = -77 - u. Calculate the remainder when 6/27 + (-892)/c is divided by 14.
11
Suppose -4*c - 63 = -3*y + 37, 36 = y - 4*c. Let r(g) be the first derivative of 11*g**3/3 - g**2/2 - g - 4. What is the remainder when y is divided by r(-1)?
10
Let l be (50/5)/((-1)/(-2)). Suppose 0 = -3*c - 8 + l. Suppose 5*p = -r + 17, -c*r + 5*r - 4*p = 8. Calculate the remainder when 22 is divided by r.
10
Let h(w) = -5*w**3 + 4*w**2 - 2*w - 23. What is the remainder when 51 is divided by h(-2)?
14
Let v = 130 - 130. Suppose v = 4*j + z - 41 - 13, 2 = z. Calculate the remainder when 63 is divided by j.
11
Let b(t) = 11*t**2 - 2*t + 4. Let f = -48 + 53. Calculate the remainder when b(f) is divided by 54.
53
Suppose 0 = v - j - 16 - 5, 4*j = -5*v + 60. Let y be (v/(-10))/((-4)/10). Calculate the remainder when (4/y)/((-1)/(-9)) is divided by 6.
3
Let w(k) = 43*k + 1167. What is the remainder when w(-22) is divided by 32?
29
Let o = 44 - 79. Let f be 21/o - 23/(-5). Suppose f*x = -5*c + 174 + 124, 2*c = -5*x + 126. Calculate the remainder when c is divided by 15.
13
Let o(z) = -2*z**2 + 4*z + 11. What is the remainder when 291 is divided by o(0)?
5
Suppose -2*z + 17 + 39 = 0. Let v = -200 + 281. Calculate the remainder when v is divided by z.
25
Suppose -13*n + 131 + 168 = 0. Let g = 5 - 3. Let u(a) = 3*a**2. What is the remainder when n is divided by u(g)?
11
Suppose -44 = 5*s - 159. Let v = 45 + -31. Let o = s - v. What is the remainder when 16 is divided by o?
7
Let x(y) = -y**2 + 50*y + 1684. Suppose 0 = -2*p + 4*v + 16, 3*p = -0*p + 3*v + 24. What is the remainder when p is divided by x(73)?
3
What is the remainder when 154 + -160 + 108 + 2*-1 is divided by 44?
12
Let m = 1292 + -265. What is the remainder when m is divided by 23?
15
Suppose 7*f - 115 = 25. Calculate the remainder when 151 is divided by f.
11
Let x(c) = -c**2 + c + 85. Calculate the remainder when 111 is divided by x(-7).
24
Let h = 213 - 203. Calculate the remainder when 267 is divided by h.
7
Suppose 4*y - 100 = h + 45, 5*h + 25 = 0. What is the remainder when 208 is divided by y?
33
Let m(k) = k**2 - 20*k + 54. What is the remainder when 88 is divided by m(18)?
16
Let u(n) = 3*n - 4. Let g be u(2). Suppose -g*s + 32 = -0*s. Suppose -5*k - 3*i = -312, 2*i = -4*k - 2*i + 248. Calculate the remainder when k is divided by s.
15
Let f(b) = 5*b**2 - 165*b + 78. What is the remainder when f(35) is divided by 72?
68
Let m(t) = t**3 + 23*t**2 + 21*t - 20. Let f be m(-22). What is the remainder when (19 + 5)*-1*(-1)/f is divided by 7?
5
Let u = -7 + 11. Let h(w) = -w**3 - 5*w**2 - 5*w - 2. Let l = 43 + -47. What is the remainder when u is divided by h(l)?
0
Let t = 273 - 206. What is the remainder when t is divided by 12?
7
Let q be (-8 + 11)*10/6. Suppose -u - 1 = -q. What is the remainder when 225/3 - u/1 is divided by 25?
21
Suppose s - 2*y + 2 = -6*y, -y + 49 = 3*s. Suppose 66 = 2*v - 40. What is the remainder when v is divided by s?
17
Let o(z) = -z**2 + 10*z + 24. What is the remainder when o(9) is divided by 4?
1
Let r(g) = 2*g**2 + 2*g - 2. Let x be r(-2). Let d = x - -2. Suppose -5 + d = -k. Calculate the remainder when k is divided by 1.
0
Let x(m) be the second derivative of -m**3/6 - m**2 + 8*m - 2. What is the remainder when 73 is divided by x(-7)?
3
Let k = -71 - -117. Suppose g + d = k, -3*g + 155 = 5*d + 17. Suppose 5*c = 4 + g. What is the remainder when 28 is divided by c?
8
Suppose 0*g + 34 = 2*t + 2*g, 0 = t + 2*g - 22. Suppose 2*o + 40 + 13 = 3*c, -4 = -2*o. What is the remainder when c is divided by t - (-8)/(20/(-5))?
9
Calculate the remainder when 59 is divided by (3 + (-5 - 0))*(-10 - -8).
3
What is the remainder when (1 + (-1)/5)/(6/495) is divided by 27?
12
Suppose 8*v = -0*v + 24. What is the remainder when 63 is divided by ((-176)/6)/(-4)*v?
19
Let i = 7 - -5. What is the remainder when 9 is divided by -6*(-4 + 0)/i?
1
Let h(d) = 7*d**2 + 7*d - 52. Calculate the remainder when h(5) is divided by 23.
20
Suppose 2*d - 4*d = 178. Let k = 145 + d. Calculate the remainder when k is divided by 22.
12
Let a be (-1)/(-10) + (-13264)/(-160). Let y = 161 - a. What is the remainder when y is divided by 20?
18
Suppose -r - 9 + 37 = 0. Suppose 4*f - 43 = -3*p, 3*f = -2*f - 4*p + 54. Calculate the remainder when r is divided by f.
8
Let y(d) = -d**3 + 45*d**2 + 56*d - 27. Calculate the remainder when y(46) is divided by 73.
68
Let y(z) = -z + 17. Suppose 0 = -3*f + 4*c + 37, 2*f + 5*c - 2 = 2*c. Suppose f*t = 3*t. Calculate the remainder when 31 is divided by y(t).
14
Suppose 0 = -w + 4*h + h + 39, -8 = -2*h. Calculate the remainder when w is divided by 27.
5
Let n(c) = -5*c**3 - 3*c**2 + 6*c - 2. Let p(u) = 6*u**3 + 4*u**2 - 7*u + 1. Let f(x) = -5*n(x) - 4*p(x). What is the remainder when f(4) is divided by 12?
10
Let g(f) = -2*f + 39. Suppose 8 + 2 = 4*p + 2*w, 15 = -3*p + 3*w. What is the remainder when g(p) is divided by 10?
9
Let p = -802 - -840. Calculate the remainder when 109 is divided by p.
33
Suppose -5*g + 1159 = -4*j, 0 = -2*g + 5*j + 275 + 192. Calculate the remainder when g is divided by 8.
7
Let u = 2268 + -2242. What is the remainder when 334 is divided by u?
22
Let a = 666 + 1161. What is the remainder when a is divided by 59?
57
Let f(g) = g**2 - 2*g - 3. Let a be f(4). Let z = -307 + 314. Let m = z + a. Calculate the remainder when m is divided by 7.
5
Let t = 44 + -36. Let o be t - (4 - 0)*1. Suppose -5 = -w + 3*l - 8*l, 4*l = o*w - 20. What is the remainder when 12 is divided by w?
2
Suppose -2*g - 6*t = -5*t - 82, -55 = -g - 4*t. What is the remainder when g is divided by 8?
7
Suppose -4*f - 3*s + 11 - 9 = 0, -5*f - 5*s = 0. What is the remainder when 26 is divided by f?
0
Suppose -2*n + 49 = c, -3*c - 4*n = -5*n - 133. Suppose 3*l - c = 5*i, -8 = -3*l - 2*i + 16. Calculate the remainder when l is divided by 2.
0
Calculate the remainder when 753 is divided by (1 - 2)/((-246)/2952).
9
Let o be ((-90)/(-20))/(3/16). Suppose 2*g + g = -5*y + 4, 2*g - o = 2*y. What is the remainder when 30 is divided by g?
6
Let m(j) = -j**3 - 8*j**2 + 6. Let d = -1 - -1. Suppose 0 = -4*n + 2*i - 32, d = 2*n - 2*i + 4 + 12. Calculate the remainder when 17 is divided by m(n).
5
Let a = -463 - -494. What is the remainder when a is divided by 8?
7
Let q be ((-7)/(-2))/7*-116. Let v = -25 - q. Suppose -2*i = -0*n + 3*n - 63, 2*i = 3*n + v. Calculate the remainder when 69 is divided by i.
21
Let r(j) = -10*j**2 + j - 2*j + 1 + 6*j**2. Let t be r(6). Let l = t + 216. What is the remainder when l is divided by 10?
7
Suppose 2*i = -2*i + 68. Calculate the remainder when -25 - 1576/(-64) - (-507)/8 is divided by i.
12
Let i(l) = l**3 - 7*l**2 + l - 1. Let x be i(7). Suppose -5*h = -x*h + 2. Suppose -h*b + 29 = -1. Calculate the remainder when 41 is divided by b.
11
Let u = 7 - -21. Calculate the remainder when 223 is divided by u.
27
Suppose 15*d - 978 - 687 = 0. Calculate the remainder w